Let u(r) = r + 1. Let f(v) = 0*v**2 + v + 2*v - 8 - 14*v - v**2. Let o(b) = b**3 - 8*b**2 - 9*b - 10. Let h be o(9). Let k be f(h). Calculate u(k).
3
Let q(b) = -b**3 + 18*b**2 + 39*b + 22. Let z be q(20). Let g(n) = -9*n**z + 7*n**2 + 1 + 3*n**2. Give g(-4).
17
Let x(f) = -9*f**2 - 4*f + 10. Let y(g) = g**2 - g + 2. Let i(c) = -x(c) + 5*y(c). Determine i(1).
13
Let v(a) = -a**3 - 4*a**2 - a + 3. Let z = -15 - -6. Let x = -6 - z. Suppose 4*u = x*s - 0 - 1, u + 9 = -s. Calculate v(u).
7
Let j(o) = 41*o - 11*o - 16*o - 2 - 12*o. Determine j(-6).
-14
Let o(a) = -24*a**2 + 23*a + 58. Let l(z) = 13*z**2 - 12*z - 31. Let b(i) = -11*l(i) - 6*o(i). What is b(8)?
9
Let a be ((-196)/8 - -4)*2. Let x = a - -38. Let u(s) = 0 - 4 - 2*s**2 - 3*s + s - 3*s. What is u(x)?
-7
Let b(g) = -5*g**3 + 12*g**2 - 7*g + 15. Let s(k) = -14*k**3 + 35*k**2 - 21*k + 43. Let c(h) = -17*b(h) + 6*s(h). Give c(-7).
3
Let k(h) = -9*h**2 - 6 + 4*h - 7 + 8*h**2 + 4*h. Let c be k(7). Let w(z) = 4 + 3*z + 2*z - 3*z. Calculate w(c).
-8
Let l be 0 - (-2)/3 - 190/285. Let d(c) = c + 2. Determine d(l).
2
Suppose -10*r + 8*r - 2 = 0. Let j be r*2 + (-4)/(-10)*-5. Let v(z) = z**3 + 5*z**2 - 2*z. What is v(j)?
24
Let m(o) be the second derivative of -7/6*o**3 + 15*o - 3/2*o**2 + 0 - 1/12*o**4. Determine m(-5).
7
Let r(d) be the third derivative of -11*d**5/30 + d**4/24 - 55*d**2. Give r(-1).
-23
Suppose 0 = -4*y - 16. Let n(w) = w. Let f(i) = 4*i - 3. Let t be 1*3*(8 - 7). Let q(s) = t*n(s) - f(s). What is q(y)?
7
Let z = -56 - -52. Let v be (0 - (z - -5))*(-7)/(-1). Let b(x) = -x**2 - 5*x - 5. Let o(i) = 2*i**2 + 9*i + 11. Let a(c) = 7*b(c) + 3*o(c). Determine a(v).
5
Let o(h) = h**2 + h + 6. Suppose 5*n = n. Let f be o(n). Let j(g) = -g + f - 2*g - 15. Give j(-6).
9
Let s(l) = -l + 7. Let o(y) = 36 - 24 - 20 - 3*y. Let v be o(-8). Suppose 5*m = v + 14. Calculate s(m).
1
Suppose -76*d + 58*d = 69*d + 609. Let j(c) = 6*c - 5 + 2*c**2 - 2*c**2 + c**2. Determine j(d).
2
Suppose 0 = 2*h - 0*x + 2*x + 60, -h - 50 = 5*x. Let d(a) = -a**3 - 25*a**2 + 3. Calculate d(h).
3
Let j(o) = 902*o**2 + 0 + 4*o - 901*o**2 - 2. Calculate j(-7).
19
Let h = 9 + -7. Let d(u) = -u + 0*u - 3*u + 1 - h*u. Let i be (-4 + -4)/(-2) - (-1 - -4). Determine d(i).
-5
Let h(v) be the first derivative of 2/3*v**3 - v**2 - 1/4*v**4 + 6 + 3*v. What is h(2)?
-1
Let k(m) be the third derivative of -5*m**4/24 - m**3/6 - 75*m**2 + 1. What is k(6)?
-31
Let s(d) be the first derivative of 1/3*d**3 - 9 + d - 5/2*d**2. What is s(4)?
-3
Let l(h) = h + 2. Let j(x) = -x**2 + 13*x - 9. Let m be j(12). Let i be ((-9)/3)/m + -2. What is l(i)?
-1
Let q(s) = -9*s - 4. Let h = -32 + 35. Suppose h*n - 4*n = 3. Calculate q(n).
23
Let p(b) = 2*b + 10. Let v(h) = h**3 + 3*h**2 - 5*h - 2. Let d be v(-4). Suppose 0 = u + d*u + 12. Let o be (u + (-16)/(-12))*3. Determine p(o).
-6
Let g be 20/12 + 2/6. Let h(v) be the second derivative of v**4/8 + v**3/3 + 4*v**2 - 3*v. Let n(j) be the first derivative of h(j). What is n(g)?
8
Let a(m) be the third derivative of m**6/120 - m**5/10 + m**4/8 + m**3 + 66*m**2. What is a(5)?
-4
Let s(v) = 7 + 0*v + 0 + 0 - v. Let z(m) = m**3 - 12*m**2 + m - 8. Let o be z(12). Let y(q) = 1. Let t(n) = o*y(n) - s(n). Calculate t(-6).
-9
Let j(z) = -z**2 + 10*z - 19. Suppose -174*u + 172*u + 16 = 0. Calculate j(u).
-3
Let d(m) = -5*m**2 - m + 1. Let k be d(1). Let p = 8 + k. Let q(h) = 2*h + 4. Determine q(p).
10
Let n = 30 - 20. Let p = n - 10. Let j(q) = p + q**2 + 2 + 0*q + 3*q. Give j(-4).
6
Let q(w) = -w + 17. Let v(s) = -s + 17. Let a(t) = -5*q(t) + 6*v(t). Give a(10).
7
Let y(z) = -4*z - 2. Suppose c + 0*c = -5*k + 5, c = 0. Suppose 13 - k = -6*b. Give y(b).
6
Let k(r) = -r + 3. Suppose -4*j = -59 - 1. Suppose -18*g = -j*g. What is k(g)?
3
Let m be (10 + -9)/((-168)/(-57) + -3). Let q(o) = -o**3 - 20*o**2 - 19*o - 18. Determine q(m).
-18
Suppose x + 4*m - 7 = 0, 8 + 8 = 5*x + m. Suppose -7 = 4*w - 5*d, -x*w + 3*d + 0 = 3. Let k(c) = -5 + 10 - w + c. Give k(0).
3
Let r be -2*((3 - 3) + -1). Suppose r - 14 = -2*k. Let w(g) = -8 - g - k + 13. Calculate w(0).
-1
Let g(v) = -v + 34. Suppose f - 2 = 1, 0 = -5*s + 3*f + 81. Calculate g(s).
16
Let u(m) = 4*m**2 - m. Let b(i) = 2*i + 1. Let d be b(-1). Let j be u(d). Suppose -v = j*z - 7, v + 2 - 9 = 5*z. Let s(r) = -r + 1. What is s(v)?
-6
Suppose -2*l = 63 - 283. Suppose -v = -l + 106. Let m(a) = -a**2 + 2*a - 5. What is m(v)?
-13
Let m(q) = -q**3 + q**2 + 3*q - 1. Let k = 24 - 20. Suppose 0 = 3*t - 2*t + k. Let b be 2/1 - 4/t. Determine m(b).
-10
Suppose 17*a - 2*a - 10*a = 0. Let i(m) = -m**3 + 2*m**2 - m + 3. Calculate i(a).
3
Let d = -5 + 32. Let o be (-8)/(-6)*d/(-6). Let p(y) = 47 + 51 + 49 - y - 190 + 48. Give p(o).
11
Let l(r) be the third derivative of -r**5/60 - r**4/6 - r**3/2 + 2*r**2 + 64*r. Give l(-4).
-3
Let f(y) = y - 9. Suppose 0 = -k + 2*l + 25, 0*l + 4*l = 4*k - 96. Suppose -5 = -4*u + k. Give f(u).
-2
Let m(z) be the second derivative of z**5/20 + 3*z**4/4 + 4*z**3/3 - 3*z**2 + z. Suppose 5*h + 32*q - 27*q + 50 = 0, -46 = 5*h + 3*q. Give m(h).
-6
Let o(f) = f**3 + 15*f**2 + 27*f + 8. Suppose -6*b + 4*p + 34 = -8*b, -5*p = 2*b + 36. Give o(b).
-5
Suppose 14*i + 15 = 13*i - 5*t, -t = -3*i + 19. Suppose 0 = -2*p + i*l + 16, 4*p + 4 = -l + 2*l. Let c(j) = -4*j**3 - j**2 + 2*j + 2. What is c(p)?
26
Let h(c) = -3*c + 4 - 6*c**2 - c**3 + 2 + c. Let a = 22 - 31. Let p be -3*(105/a)/(-7). Give h(p).
-9
Let q(v) = -5*v - 2. Let r be 225/(-10)*12/(-10). Suppose 5*g - r = b - 0*g, 4*b - 12 = -4*g. Determine q(b).
8
Suppose -5*g - 6 = 14, -3*f + 5 = -2*g. Let m = 1 - f. Let c(j) = 2*j**m - 5*j + j**2 - 2*j + j**3 + 4 + 8*j. Determine c(-3).
1
Let i(g) = -2*g**3 - 4*g**2 + g + 4. Suppose 239*a = 200*a + 78. Calculate i(a).
-26
Let m(h) = 2*h**2 - 205 + 419 - 209 - 7*h - h**2. Calculate m(6).
-1
Let q = 1519 - 1519. Let h(v) = 2*v + 3. Calculate h(q).
3
Let t = -17 - -12. Let z(u) = 2*u**2 + 8*u + 1. Let i(j) = 1. Let r(c) = 5*i(c) + z(c). What is r(t)?
16
Let c(b) be the third derivative of -b**5/30 + b**3/6 - 5*b**2. Let z = 33 - 31. Give c(z).
-7
Let n(k) = 17*k + 96. Let b(v) = v + 25. Let j be b(-31). Determine n(j).
-6
Let q(u) = 4*u - 5. Suppose 0 = j - 27 + 29. Let c be 5 + j/(-1) + -1 + 0. What is q(c)?
19
Let u be ((-8)/9*3)/((-10)/(-15)). Let w(t) = -t**2 + 13. What is w(u)?
-3
Let b(y) = y + 5. Let n be b(-4). Let r(o) = 1 + n + 57*o - 58*o. Suppose 3*x = 2*p + 7, 0 = x + 4*p - 11 - 10. Calculate r(x).
-3
Let m(n) = -16*n**3 - n**2 + 2*n - 1. Let i = 111 + -105. Let b(p) = -p**3 + 7*p**2 - 6*p + 1. Let z be b(i). Calculate m(z).
-16
Let q(s) = s**2 + 2*s - 21. Let f be q(4). Let k(d) = d**3 - 2*d**2 - 3*d - 3. Calculate k(f).
-3
Let d be 29/7 + -4 - 36/252. Let w(j) = -5*j**2 + j**2 + 15 + 3*j**2 + j. Calculate w(d).
15
Let u = -5 + 3. Let k(j) be the first derivative of 48 - 11/2*j**2 - 2*j. Determine k(u).
20
Suppose 3*d + 17 = y, 0*y + 3*d - 111 = -3*y. Suppose 0*a - y = 8*a. Let s(z) = z**2 + 3*z + 3. Give s(a).
7
Let i be (28/(-16))/(-3 + 25/8). Let m(a) = a**3 + 13*a**2 - 13*a + 3. Calculate m(i).
-11
Let d(l) = -l**2 - 5*l - 1. Let c be d(-2). Let a(g) = -g**2 + g + 1. Let p(j) = -4*j**2 + 10*j + 10. Let b(n) = c*a(n) - p(n). What is b(-4)?
-1
Suppose -3*z + 69 = 51. Let n(h) = 3 - 7*h**2 + 9*h - 5 + z*h**2. What is n(6)?
16
Let y(r) = -3*r**2 - 16*r - 12. Let z be y(-5). Let b(j) = -j**2 - 6*j + 10. Determine b(z).
3
Suppose 6*q - 76 = 2*q. Let p(b) = 18 + 2*b - q + 3*b. Let r(j) = -j**3 - 6*j**2 - 4*j + 4. Let t be r(-5). Calculate p(t).
-6
Let a(m) = 7*m**3 + 8*m**2 - m + 8. Let o(g) = 3*g**3 + 4*g**2 - g + 4. Let u(s) = -2*a(s) + 5*o(s). Determine u(-5).
-6
Let o = 501 + -494. Let f(g) be the second derivative of -1/20*g**5 + 1/6*g**3 + 0*g**4 + o*g + 0 + 4*g**2. Calculate f(0).
8
Let q(t) = 10*t**3 + 5*t**2 - 2*t - 19. Let y(o) = -23*o**3 - 10*o**2 + 4*o + 39. Let f(b) = 7*q(b) + 3*y(b). What is f(-4)?
8
Let u(j) = j + 10. Let f be u(-9). Let g be -6*(f + (-3)/6). Let p(q) = q**2 - 31 - 28 + 56. Calculate p(g).
6
Let g(y) = -35 - 276*y + 132*y + 140*y. Determine g(-10).
5
Let i(x) = 3 + 2 + 3*x**2 - 5*x - 4*x**2. Let b be i(-6). Let d be (3 - 3 - b) + -6. Let m(w) = w**2 + 5*w. What is m(d)?
0
Suppose 516 - 519 = -s. Let j(z) be the thi